56*t + 540*t. What is the tens digit of f(6)?
2
Suppose 0 = 5*w + 5*g - 20, -5*g - 2 = -3*w + 2. Suppose 817 = 2*p + w*n, 5*p + 7*n - 2005 = 12*n. What is the hundreds digit of p?
4
Suppose 13*g - 91115 = 137126. What is the units digit of g?
7
Let z be (6/(-2))/((10/15)/2). Let x be (-564)/z*3/2. Suppose -x = -3*u + 89. What is the tens digit of u?
6
Let s be 396/(6 + -2) - -4. Let b = -179 + s. Let z = b + 164. What is the tens digit of z?
8
Let k = 88 + -43. Suppose -3*i = -2*n + k, -3*n + 2*n + 4*i = -25. Let s = n - -36. What is the tens digit of s?
5
Let b(o) = 7*o**2 - 3*o + 9. Let w be (-2)/(-1) + 14 + -13. Let i be b(w). Let q = i + 124. What is the units digit of q?
7
Suppose 5*z = 2*t - 23605, 168*t - 4*z = 170*t - 23650. What is the tens digit of t?
1
Let y(u) = 1249*u + 2411. What is the thousands digit of y(4)?
7
Let w be 4/18 + 6 + (-29152)/(-36). Suppose -w = 8*q - 3320. What is the hundreds digit of q?
3
What is the ten thousands digit of (((-96)/(-10))/4)/((-20)/(-217300))?
2
Let a(l) be the second derivative of l**3/6 - 3*l**2/2 + l. Let w be a(5). What is the tens digit of (w/(-6))/((-3)/369)?
4
Suppose 0 = -3*c + c - 4*h + 16, c - 8 = -5*h. Let a = 7 + c. What is the tens digit of -3*(-4 + (-145)/a)?
4
Let g = -4092 + 9860. What is the tens digit of g?
6
Suppose -6380 + 1060 = -14*g. Suppose 375*w + 8560 = g*w. What is the tens digit of w?
1
Suppose -f - 5*b + 540 = -8*b, -4*f + 2*b = -2110. Suppose -z + 433 = -f. What is the units digit of z?
8
Suppose -458 = -2*a - 4*s, -a - a + s + 483 = 0. Let h(t) = 28*t**2 + 2*t - 1. Let i be h(1). Suppose -4*n + a = -i. What is the tens digit of n?
6
Let s(c) = -18*c + 47. Let r be s(-9). Suppose 5*f - 879 = -r. Let q = f + -86. What is the units digit of q?
8
Let q = 96680 + -28765. What is the hundreds digit of q?
9
Suppose 3*z - 15 = -0. Suppose z*x = 48 + 22. Suppose 136 = -13*i + x*i. What is the tens digit of i?
3
Let p(x) = 48*x**2 + 5*x + 21. Let l be p(5). Let y = l - 310. What is the tens digit of y?
3
Let x(w) = -6*w**3 - 4*w**2 + 5*w - 9. Let g be x(-4). Let o = g - 223. What is the tens digit of o?
6
What is the ten thousands digit of ((-9342)/90)/((-24)/11680*2)?
2
Suppose -7484 = 45*r - 46*r - 3*c, -3*r = -4*c - 22491. What is the units digit of r?
3
Let c be -61*(-1)/(-3)*3. Suppose 2520 = 64*x + 6*x. Let r = x - c. What is the tens digit of r?
9
Let c(b) = -b**3 + 57*b**2 - 57*b - 54. What is the ten thousands digit of c(18)?
1
Suppose -2 = 7*l - 16. Suppose j + 2 = -q, -4*q = 6*j - 4*j. Suppose -4*a + 5*n = -l*a - 287, -5*a + q*n + 686 = 0. What is the tens digit of a?
3
What is the units digit of ((-106951)/(-57))/(((-4)/(-6))/2)?
9
Let p(u) = -17*u + 16. Let d be p(-4). Let f(i) = i - 4. Let v be f(5). Suppose -d = -5*s + v. What is the tens digit of s?
1
Let u be (-12 + 2)/((-2)/4). Let z be (16/u + -2 + 4)*85. Suppose 3*j - z - 65 = 0. What is the hundreds digit of j?
1
Suppose -5*q - 2856 = 23*q. What is the units digit of (182/39)/((-4)/q)?
9
Let r = 137323 - 83969. What is the tens digit of r?
5
What is the tens digit of (-12*3)/(-4)*((-357308)/(-3))/14?
6
What is the units digit of ((-108)/10)/((-2)/635) + 3?
2
What is the thousands digit of 70/(-21)*31752/(-30)?
3
Let c(p) = 11 + 14 - 44*p + 6*p + 10. What is the hundreds digit of c(-6)?
2
Suppose -4*m + m = 3*k + 2751, -m - 911 = -k. Let u = 1483 + m. What is the units digit of u?
9
Suppose -87*j = -92*j + 9*g + 94774, 0 = 5*j - 4*g - 94769. What is the tens digit of j?
5
Suppose 0 = 3*q + 21, -1291*f + 1295*f - q = 95479. What is the tens digit of f?
6
Let n = 250 - 429. Let g = -22 - n. What is the units digit of g?
7
Suppose 3*b = -5*y - 18864, 0 = -5*y - 0*y + 3*b - 18846. Let t = y + 5829. What is the tens digit of t?
5
What is the tens digit of -1*(-12 + 8) + 4 + 33998?
0
What is the tens digit of 54/243 + (-534872)/(-72)?
2
Let j = 3324 - -828. What is the units digit of j?
2
Let x(k) = k**3 + 13*k**2 - 2*k + 3. Let t be x(-4). What is the hundreds digit of 1*(t - (-2 - 2))?
1
Suppose -115*d + 21 = -112*d, 5*v - 231676 = -3*d. What is the units digit of v?
1
Let s be (-13)/(26/4) - -5. Suppose 5*o = 2*h - 1805 - 6, s*o - 9 = 0. What is the units digit of h?
3
Let a be 13/(-4) - -2 - (-630)/120. Suppose 0*d + 690 = 2*d + o, -a*d + 1396 = -2*o. What is the hundreds digit of d?
3
Let j = -210 - -320. Let i = 199 - j. What is the tens digit of i?
8
Let s(b) = -33*b - 28. Suppose 2*u - 4*u = 14. What is the hundreds digit of s(u)?
2
Let m(z) = 6*z + 24. Let t be m(-5). What is the units digit of 60/(-8)*-146*(-2)/t?
5
Let z = -764 + 374. Let p = z + 761. What is the units digit of p?
1
Let a(c) = -c**3 + 129*c**2 - 820*c + 56. What is the units digit of a(122)?
4
Let d = 64 - 63. Let h(c) = 89*c**3 + c. Let g be h(d). Let y = g - 60. What is the tens digit of y?
3
Let b(t) = -t**3 - 12*t**2 + 16*t + 25. Let r(v) = -4*v**3 - 36*v**2 + 49*v + 76. Let c(z) = -7*b(z) + 2*r(z). What is the tens digit of c(10)?
3
Suppose 2055 = 5*w - 5*t, 2*t - t = -3*w + 1237. Let a = w - -108. What is the tens digit of a?
2
Let i be (-8)/(-6)*(6 + -27)/(-7). Suppose -i*p - 4214 + 11606 = 0. What is the units digit of p?
8
Let p = -759 - -2643. Suppose -10*k - p = -5084. What is the units digit of k?
0
Let j(a) = 7*a + 20. Let s = -31 + 57. Suppose -2*g - 33 = -2*z + z, -2*z = 4*g - s. What is the tens digit of j(z)?
8
Let n = 144 - -697. Let r = 1930 - n. What is the hundreds digit of r?
0
Let o = 93 - 40. Let n(p) = p**3 + 6*p**2 - 9*p - 11. Let u be n(-7). Let z = o + u. What is the units digit of z?
6
Let g = -39 - -18. Suppose -5*j + 480 = j. Let w = g + j. What is the tens digit of w?
5
Suppose -4*r + l = -125956, -3*l - 31467 = -16*r + 15*r. What is the ten thousands digit of r?
3
Suppose -2*t + 2 = -z, -9*t + 20 = 5*z - 4*t. Suppose 3192 = 3*l - 5*h + 2*h, -z*h = l - 1070. What is the thousands digit of l?
1
Let n be 11183 + (-1 - 5) + 8. Suppose n + 10687 = 16*x. What is the tens digit of x?
6
Let q(s) = s**3 + 12*s**2 - 2*s - 7. Let r be q(-7). Let v = r + -117. Suppose -v = -9*d + 4*d. What is the tens digit of d?
2
Let h be (-8)/(-156)*3 - 128/(-13). Let w be ((-13)/(-26))/((-1)/h) + -1. What is the units digit of 0 - -62 - w/(-3)?
0
Let m(q) = -5*q**2 - 26*q**3 - 5*q - 5 + 2 + 21*q**3. Let i be m(-3). Let h = -13 + i. What is the units digit of h?
9
Let v(i) = 3*i**2 + 4292. Let h be v(0). Suppose -8*n + 10724 = -h. What is the thousands digit of n?
1
Let f be (-3 - 31166/(-30)) + (-12)/(-90). Suppose 2*z - f = -4*a, 2*z - 4*a - 323 = 721. What is the tens digit of z?
2
Let w = -238 - -838. What is the units digit of w - -1 - 41/41?
0
Let q = 1728 - 862. Suppose -z - 159 = -5*p - 989, -z + q = 4*p. What is the hundreds digit of z?
8
Let v be (-8 + (-324)/(-42))*-63. What is the thousands digit of 3720*((-171)/v)/(-19)?
1
Suppose m = -5*k + 41 - 476, 5*m - 5*k = -2115. Let w = -624 - m. Let a = -116 - w. What is the tens digit of a?
8
Let d(l) = -6*l**2 + 18*l - 45. Let w(a) = 1. Let k(u) = -d(u) - 18*w(u). What is the hundreds digit of k(8)?
2
Let y = -6083 + 8757. What is the thousands digit of y?
2
Suppose 2*a - 5*y - 19 = -0*a, -3 = y. Suppose 4*l + 6 = -a, w + 2*l + 2 = 0. What is the tens digit of ((-15)/6)/(-5) - (-83)/w?
4
Let y(r) = r**3 + 19*r**2 - 15*r + 20. Let w be y(-15). Suppose -w = -4*l - 3*p, -8*l - 4*p = -4*l - 1144. Suppose -l = -5*c + 8. What is the tens digit of c?
5
Let l(p) = -239*p + 18. Suppose 0 = 2*x - 7 + 3, -4*f - 24 = -2*x. What is the tens digit of l(f)?
1
Let w = -32358 - -70935. What is the tens digit of w?
7
Let w = 79 + -78. Let f be ((-230)/(-8))/(((-5)/20)/w). Let y = -72 - f. What is the tens digit of y?
4
Let j = -61 + 329. Suppose 0 = -a + 5*m + j, 0 = -2*a + m - 201 + 710. What is the units digit of a?
3
What is the units digit of ((-4)/24)/(3/24*2)*-34686?
4
Let o(s) = 1743*s + 48426. What is the tens digit of o(0)?
2
Suppose 0 = 5*v + p + 1 - 7, v + 5*p = -18. Suppose -4*g + 10 = -v*z, -12 = -5*g + 2*z + z. What is the units digit of (-948)/(-9)*((-27)/(-6))/g?
8
Let h(r) = 37*r + 5. Let v be h(7). Suppose -p = -13*p - v. Let b = 103 + p. What is the units digit of b?
1
Let g = 7822 + 81. What is the units digit of g?
3
Let q = 24 - 20. Suppose 41*g = 2*k + 39*g - 